 prime factors of d(4)?
7, 2251
Let j be (50900/75)/(2/(-3)). Let b = 528 - j. List the prime factors of b.
2, 773
Let c be 588/33 - (-18)/99. Suppose -16*a - 504 = -c*a. What are the prime factors of a?
2, 3, 7
Suppose 255 = 2*x - 5*z, 3*x - 172 - 182 = -2*z. Let i = 168 - x. List the prime factors of i.
2, 3
Suppose 4*o + 4*x - 5532 = 0, -32*x = -31*x - 1. Suppose o + 482 = 8*s. List the prime factors of s.
233
Let c = -84 - -142. Let f = c - 54. Suppose -s + 5*s = 5*g - 1007, -810 = -f*g + s. What are the prime factors of g?
7, 29
Let n(y) = -3*y - 62. Let k be n(-22). Suppose 7*q - 11*q = -3*h + 18, -h - 10 = k*q. Suppose h*m = 14 - 8. List the prime factors of m.
3
Let t be -2 + -1 + 34*1/2. List the prime factors of 80904/84 - 2/t.
3, 107
Let h = 688 + -673. Suppose 3*p - 5005 = 4*m, 2*m = h - 11. What are the prime factors of p?
3, 557
Let z be (-28)/6*((-180)/(-35))/(-6). Suppose a + y - 1673 = -y, 2*y = z*a - 6712. What are the prime factors of a?
3, 13, 43
Let n(b) = 4*b - 17. Let z be n(11). Let r be (9/z)/(((-4)/(-1698))/2). Suppose -3*u - r = -757. List the prime factors of u.
2, 79
Let j(x) = x**2 - 2*x - 92. Let s be j(11). Suppose 2*r - 20 = q, s*r - 70 = 4*q - 0*q. What are the prime factors of r?
2, 5
Suppose 0 = 3*o - 0 + 9, 84 = 3*w + o. What are the prime factors of w?
29
Let a = 2849 + 1578. List the prime factors of a.
19, 233
Let h(w) = -w**2 - 15*w - 13. Let t be 1/(-4) - 550/40. Let z be h(t). Suppose -s - z = 3*d - 223, s + 70 = d. What are the prime factors of d?
73
Suppose -11*a + 24541 = -294921. What are the prime factors of a?
2, 13, 1117
Suppose -3*j + z = -2923, 0*j + 4869 = 5*j - 3*z. What are the prime factors of ((j/12)/(-5))/((-3)/36)?
3, 5, 13
Suppose 64*d = 69*d - 4*p - 25337, -2*p - 10134 = -2*d. What are the prime factors of d?
37, 137
Let a(g) = 5*g**3 - 202*g**2 + 2*g - 176. List the prime factors of a(41).
7, 101
Let d be (2/16 - (-112)/128) + 2. Suppose d*a - 1673 + 524 = 0. What are the prime factors of a?
383
Let u(n) = 68*n**2 + 187*n - 3791. List the prime factors of u(18).
17, 31, 41
Suppose -3606 = -6*u - 2*s + 58144, 4*s = 20. List the prime factors of u.
2, 3, 5, 7
Suppose -175500 = -211*b + 202*b. List the prime factors of b.
2, 3, 5, 13
Let z(x) = -1205*x + 12192. What are the prime factors of z(-42)?
2, 3, 1163
Let c(a) = -a**2 + 41 + 19*a - 8*a + 19*a + 0*a**2. Let b be c(19). Suppose -57*z + 52*z = -b. List the prime factors of z.
2, 5
Let w be -1*(-1)/(-1)*-7 - 3. Suppose -w*s + s + 1671 = 0. Suppose -551 = 3*q - 5*q + 5*x, 2*q - 3*x = s. What are the prime factors of q?
283
Let t be 38 - ((1 - -1) + (2 - 5)). Let r = 740 - t. What are the prime factors of r/3 + 9/27?
2, 3, 13
Suppose -9 + 5 = -n. Suppose 7*j - 270 = -g + 9*j, 1080 = n*g - 4*j. What are the prime factors of g?
2, 3, 5
Let s = -2229 + 2236. Suppose -5*f + 1347 = -1353. Suppose 10*q = s*q + f. List the prime factors of q.
2, 3, 5
Let j be 9/(-27) - (4/3)/(-4). Suppose j = 5*l + 5. What are the prime factors of (105/(-2) + l)*(2 + -4)?
107
Let d = 103018 + -60549. List the prime factors of d.
7, 6067
Let h(r) = 21*r**2 + 8*r + 10. Let j be h(-3). Suppose -172*f - 411 = -j*f. List the prime factors of f.
137
Let v(f) = -170*f**3 + 13*f**2 + 43*f - 7. What are the prime factors of v(-3)?
7, 653
Let x = 853 + -521. Let j = x - 293. List the prime factors of j.
3, 13
Suppose -15*k + 2605 = -230. Let y = 429 - k. What are the prime factors of y?
2, 3, 5
Let k = 6 - 18. Suppose -16*r = 4552 - 23048. List the prime factors of k/(-18) - r/(-12).
97
Let d be (-4)/(-10) - 42/5. What are the prime factors of (1110/(-21))/(d/56)?
2, 5, 37
Suppose -17*k + 12 = -14*k. Suppose -5 = -k*p + 3. Suppose -2*i = 3*s - 564, 2*i - 376 = -p*s - 3*i. List the prime factors of s.
2, 47
Let q(r) = -10*r + 40. Let p be q(3). List the prime factors of p*(1 + 185/10).
3, 5, 13
Suppose 830*z - 7048408 = 706*z. What are the prime factors of z?
2, 97, 293
Let b = -4079 + 6824. Suppose -5*u + 3*n + b = 0, -3*n + 1119 = 2*u - 0*n. List the prime factors of u.
2, 3, 23
What are the prime factors of -15 - -18*20256/12?
3, 53, 191
What are the prime factors of 5137 - (18 - 168/12)?
3, 29, 59
Suppose 2*x + 2*m - 7 = 7, -2*x + 2*m + 2 = 0. Suppose -3*w + 250 = -8*u + x*u, 0 = -4*w + u + 342. List the prime factors of w.
2, 43
Let v(c) = -43*c**3 - 4*c**2 + 30*c + 200. List the prime factors of v(-6).
2, 29, 79
What are the prime factors of ((-57834)/56)/((-16)/(-8) + (-82)/40)?
3, 5, 17
Let f(o) = -130*o**2 + 50*o - 118. Let t(w) = 41*w**2 - 17*w + 40. Let b(s) = 6*f(s) + 19*t(s). Let i = 5 - 23. What are the prime factors of b(i)?
2, 71
Suppose -2*l = 2*p + 2*l - 22, 3*p + 2*l = 13. Suppose j + p = 5. Suppose 0 = -2*q - 3*c + 110, -4*q + 0*q - j*c + 228 = 0. List the prime factors of q.
61
Let c(s) = 3*s**3 - 81*s**2 - 62*s + 1228. What are the prime factors of c(28)?
2, 461
What are the prime factors of ((-531)/2)/(1044/(-214368))?
2, 3, 7, 11, 59
Let d(h) = 42*h - 19. Suppose 3*j - m = -156, -4*m + 3*m = 4*j + 201. Let p = j - -55. List the prime factors of d(p).
149
Let q be -3 + ((-22)/(-2) - -2). Suppose -9*w + q*w = 0. Suppose y - z - 29 = -3*y, w = -5*y + 4*z + 50. What are the prime factors of y?
2, 3
Suppose 43569 = 3*f + 3*l, -3*l + 5*l = 10. List the prime factors of f.
2, 7, 17, 61
Let h = 54729 - 4254. List the prime factors of h.
3, 5, 673
Let h = -692 + 700. Let c(n) = 0*n + 11 - 3*n + n**2 + 2*n**2 - 2*n**2. What are the prime factors of c(h)?
3, 17
Let r = -195 + 184. Let w(g) = g**3 + 16*g**2 - g - 22. What are the prime factors of w(r)?
2, 3, 11
Let b = -5626 + 24578. List the prime factors of b.
2, 23, 103
Let h = -246 - -371. Let d = h + 23. List the prime factors of d.
2, 37
Let j(i) = -20*i + 63. Let m be j(-8). Let z = -28 + m. List the prime factors of z.
3, 5, 13
Let h(w) = 2*w**3 - 176*w**2 - 228*w + 329. What are the prime factors of h(90)?
29, 421
Suppose 2*r + 3990 = -12*r. What are the prime factors of r/(((-2 - -4) + -1)*-1)?
3, 5, 19
Let i(f) = -6*f**3 + 3*f - 16. Let o be i(3). Let a = o - -522. What are the prime factors of a?
353
Let a = 2002 - 1185. Suppose -5*f + 198 + a = 0. What are the prime factors of f?
7, 29
Let v = 284 - 92. Let d = 384 - v. List the prime factors of d.
2, 3
Let d(z) = z**3 + z - 1. Let o(v) = 8*v**3 + 4*v**2 + 11*v - 2. Let h(b) = -6*d(b) + o(b). Let f be h(-2). What are the prime factors of 63/2 + f/(-12)?
2
Suppose 0 = -2*z + 5*n, -3*z + 4*n - 3*n + 13 = 0. Suppose 2*f = l + 33, -2*f = f - z*l - 67. List the prime factors of (-2)/f + 1009/7.
2, 3
Let g = -21 + 37. Let t(z) be the first derivative of 2*z**2 - 33*z - 1360. List the prime factors of t(g).
31
Suppose -12*d + 13*d = 710. Suppose 5*w = d - 115. Let a = w + -85. What are the prime factors of a?
2, 17
Let c(t) = 2*t + 19. Let o be c(-7). Suppose 3*j + 193 = 2*k - 151, -4*k + 686 = -o*j. Let i = k + -8. What are the prime factors of i?
7, 23
Suppose 10*s + 4*s - 416076 = -102532. List the prime factors of s.
2, 11, 509
Let y be ((-9)/(9/10))/(3 - 1). Let r(f) = 2*f**2 + 13. What are the prime factors of r(y)?
3, 7
What are the prime factors of 2/(-6)*(-702 - 28653)?
5, 19, 103
Let n(j) = 4*j - 23. Let g be n(16). Let v = g - 34. Suppose v*t - 41 = 295. What are the prime factors of t?
2, 3
List the prime factors of -27308*(-6 - (-213)/36)*3.
6827
Suppose 20 + 19 = 3*c. Let x(t) = -t**3 + 14*t**2 - 12*t - 10. Let s be x(c). What are the prime factors of ((-20)/15)/(-2) + 343/s?
5, 23
Suppose -4*u + 10334 = x, -6*x + 2*u + 61874 = -0*u. List the prime factors of x.
2, 3, 191
Let y(q) = q + 1. Let t(w) = w**2 + 5*w + 620. Let v(j) = t(j) - 5*y(j). Let p be v(0). Suppose -9*d + 1338 = -p. List the prime factors of d.
7, 31
Let k = 1068 - -2081. List the prime factors of k.
47, 67
Let q be ((-2)/(-4))/(3/(-24)). Let u be 2*1/q - (-21)/(-6). List the prime factors of 115*((-16)/(-60)*18 + u).
2, 23
Let a(v) = 129*v**3 - 3*v**2 + 2*v + 1. Suppose -157 = 5*c + 208. Let y = 74 + c. List the prime factors of a(y).
3, 43
Suppose 12*y = -13*y + 124651 + 131999. What are the prime factors of y?
2, 3, 29, 59
Let k = 14576 + -3397. What are the prime factors of k?
7, 1597
Let d(g) = -g**3 + 18*g**2 - 5*g - 20. Let v(p) = p**3 - 17*p**2 + 6*p + 19.